{"id":5175,"date":"2021-03-24T11:03:34","date_gmt":"2021-03-24T10:03:34","guid":{"rendered":"https:\/\/www.copas.lu\/?post_type=publication&#038;p=5175"},"modified":"2021-03-24T11:03:34","modified_gmt":"2021-03-24T10:03:34","slug":"precisions-concernant-la-situation-epidemique-dans-les-structures-de-soins","status":"publish","type":"publication","link":"https:\/\/www.copas.lu\/de\/publication\/precisions-concernant-la-situation-epidemique-dans-les-structures-de-soins\/","title":{"rendered":"Pr\u00e9cisions concernant la situation \u00e9pid\u00e9mique dans les structures de soins"},"featured_media":0,"template":"","class_list":["post-5175","publication","type-publication","status-publish","hentry","publication_type-communique-de-presse"],"acf":[],"_links":{"self":[{"href":"https:\/\/www.copas.lu\/de\/wp-json\/wp\/v2\/publication\/5175","targetHints":{"allow":["GET"]}}],"collection":[{"href":"https:\/\/www.copas.lu\/de\/wp-json\/wp\/v2\/publication"}],"about":[{"href":"https:\/\/www.copas.lu\/de\/wp-json\/wp\/v2\/types\/publication"}],"wp:attachment":[{"href":"https:\/\/www.copas.lu\/de\/wp-json\/wp\/v2\/media?parent=5175"}],"curies":[{"name":"wp","href":"https:\/\/api.w.org\/{rel}","templated":true}]}}

Précisions concernant la situation épidémique dans les structures de soins
