{"id":267,"date":"2018-01-31T12:14:07","date_gmt":"2018-01-31T11:14:07","guid":{"rendered":"https:\/\/copas.webdev.lu\/?post_type=publication&#038;p=267"},"modified":"2019-12-19T12:14:34","modified_gmt":"2019-12-19T11:14:34","slug":"reaction-aux-propos-du-ministre-de-la-securite-sociale","status":"publish","type":"publication","link":"https:\/\/www.copas.lu\/de\/publication\/reaction-aux-propos-du-ministre-de-la-securite-sociale\/","title":{"rendered":"R\u00e9action aux propos du Ministre de la S\u00e9curit\u00e9 sociale"},"featured_media":0,"template":"","class_list":["post-267","publication","type-publication","status-publish","hentry","publication_type-communique-de-presse"],"acf":[],"_links":{"self":[{"href":"https:\/\/www.copas.lu\/de\/wp-json\/wp\/v2\/publication\/267","targetHints":{"allow":["GET"]}}],"collection":[{"href":"https:\/\/www.copas.lu\/de\/wp-json\/wp\/v2\/publication"}],"about":[{"href":"https:\/\/www.copas.lu\/de\/wp-json\/wp\/v2\/types\/publication"}],"wp:attachment":[{"href":"https:\/\/www.copas.lu\/de\/wp-json\/wp\/v2\/media?parent=267"}],"curies":[{"name":"wp","href":"https:\/\/api.w.org\/{rel}","templated":true}]}}

Réaction aux propos du Ministre de la Sécurité sociale
