{"id":11594,"date":"2024-01-31T09:40:38","date_gmt":"2024-01-31T08:40:38","guid":{"rendered":"https:\/\/www.copas.lu\/?post_type=publication&#038;p=11594"},"modified":"2025-06-26T16:48:57","modified_gmt":"2025-06-26T14:48:57","slug":"avis-de-la-copas-sur-le-projet-de-loi-8349","status":"publish","type":"publication","link":"https:\/\/www.copas.lu\/de\/publication\/avis-de-la-copas-sur-le-projet-de-loi-8349\/","title":{"rendered":"Avis de la COPAS sur le PL 8349 (&#8230;) portant sur la qualit\u00e9 des services pour personnes \u00e2g\u00e9es"},"featured_media":0,"template":"","class_list":["post-11594","publication","type-publication","status-publish","hentry","publication_type-avis"],"acf":[],"_links":{"self":[{"href":"https:\/\/www.copas.lu\/de\/wp-json\/wp\/v2\/publication\/11594","targetHints":{"allow":["GET"]}}],"collection":[{"href":"https:\/\/www.copas.lu\/de\/wp-json\/wp\/v2\/publication"}],"about":[{"href":"https:\/\/www.copas.lu\/de\/wp-json\/wp\/v2\/types\/publication"}],"wp:attachment":[{"href":"https:\/\/www.copas.lu\/de\/wp-json\/wp\/v2\/media?parent=11594"}],"curies":[{"name":"wp","href":"https:\/\/api.w.org\/{rel}","templated":true}]}}

Avis de la COPAS sur le PL 8349 (&#8230;) portant sur la qualité des services pour personnes âgées
