{"id":1133,"date":"2020-02-07T12:26:50","date_gmt":"2020-02-07T11:26:50","guid":{"rendered":"https:\/\/copas.webdev.lu\/notre-histoire\/"},"modified":"2020-08-26T11:12:53","modified_gmt":"2020-08-26T09:12:53","slug":"notre-histoire","status":"publish","type":"page","link":"https:\/\/www.copas.lu\/de\/langage-facile\/a-propos\/notre-histoire\/","title":{"rendered":"Unsere Geschichte"},"content":{"rendered":"<p>Es gibt die COPAS <strong>seit 1997<\/strong>.<\/p>\n<p>Sie ist da, um <strong>f\u00fcr die Pflege-Dienste<\/strong> zu sprechen.<\/p>\n<p>Die COPAS wurde gegr\u00fcndet als <strong>die Pflege-Versicherung<\/strong> kam.<\/p>\n<p>Die Pflege-Versicherung hilft Menschen, die Hilfe ben\u00f6tigen.<\/p>\n<p>Zum Beispiel: um sich zu waschen oder zu essen.<\/p>\n<p>Es gibt die Pflege-Versicherung seit 1999.<\/p>\n<p>Die Pflege-Versicherung geh\u00f6rt zum Staat.<\/p>\n<p>Die COPAS soll <strong>mit der Pflege-Versicherung verhandeln<\/strong>.<\/p>\n<p>Das ist eine Aufgabe von der COPAS.<\/p>","protected":false},"excerpt":{"rendered":"<p>Es gibt die COPAS seit 1997. Sie ist da, um f\u00fcr die Pflege-Dienste zu sprechen. Die COPAS wurde gegr\u00fcndet als die Pflege-Versicherung kam. Die Pflege-Versicherung hilft Menschen, die Hilfe ben\u00f6tigen. Zum Beispiel: um sich zu waschen oder zu essen. Es gibt die Pflege-Versicherung seit 1999. Die Pflege-Versicherung geh\u00f6rt zum Staat. Die COPAS soll mit der [&hellip;]<\/p>\n","protected":false},"author":1,"featured_media":1481,"parent":1130,"menu_order":2,"comment_status":"closed","ping_status":"closed","template":"template-langage-facile.php","meta":{"_acf_changed":false,"footnotes":""},"class_list":["post-1133","page","type-page","status-publish","has-post-thumbnail","hentry"],"acf":[],"_links":{"self":[{"href":"https:\/\/www.copas.lu\/de\/wp-json\/wp\/v2\/pages\/1133","targetHints":{"allow":["GET"]}}],"collection":[{"href":"https:\/\/www.copas.lu\/de\/wp-json\/wp\/v2\/pages"}],"about":[{"href":"https:\/\/www.copas.lu\/de\/wp-json\/wp\/v2\/types\/page"}],"author":[{"embeddable":true,"href":"https:\/\/www.copas.lu\/de\/wp-json\/wp\/v2\/users\/1"}],"replies":[{"embeddable":true,"href":"https:\/\/www.copas.lu\/de\/wp-json\/wp\/v2\/comments?post=1133"}],"version-history":[{"count":0,"href":"https:\/\/www.copas.lu\/de\/wp-json\/wp\/v2\/pages\/1133\/revisions"}],"up":[{"embeddable":true,"href":"https:\/\/www.copas.lu\/de\/wp-json\/wp\/v2\/pages\/1130"}],"wp:featuredmedia":[{"embeddable":true,"href":"https:\/\/www.copas.lu\/de\/wp-json\/wp\/v2\/media\/1481"}],"wp:attachment":[{"href":"https:\/\/www.copas.lu\/de\/wp-json\/wp\/v2\/media?parent=1133"}],"curies":[{"name":"wp","href":"https:\/\/api.w.org\/{rel}","templated":true}]}}

<p>Es gibt die COPAS <strong>seit 1997</strong>.</p>
<p>Sie ist da, um <strong>für die Pflege-Dienste</strong> zu sprechen.</p>
<p>Die COPAS wurde gegründet als <strong>die Pflege-Versicherung</strong> kam.</p>
<p>Die Pflege-Versicherung hilft Menschen, die Hilfe benötigen.</p>
<p>Zum Beispiel: um sich zu waschen oder zu essen.</p>
<p>Es gibt die Pflege-Versicherung seit 1999.</p>
<p>Die Pflege-Versicherung gehört zum Staat.</p>
<p>Die COPAS soll <strong>mit der Pflege-Versicherung verhandeln</strong>.</p>
<p>Das ist eine Aufgabe von der COPAS.</p>

<p>Es gibt die COPAS seit 1997. Sie ist da, um für die Pflege-Dienste zu sprechen. Die COPAS wurde gegründet als die Pflege-Versicherung kam. Die Pflege-Versicherung hilft Menschen, die Hilfe benötigen. Zum Beispiel: um sich zu waschen oder zu essen. Es gibt die Pflege-Versicherung seit 1999. Die Pflege-Versicherung gehört zum Staat. Die COPAS soll mit der [&hellip;]</p>
