{"id":14389,"date":"2026-04-21T13:49:09","date_gmt":"2026-04-21T11:49:09","guid":{"rendered":"https:\/\/www.copas.lu\/?post_type=events&#038;p=14389"},"modified":"2026-04-27T10:13:34","modified_gmt":"2026-04-27T08:13:34","slug":"matinee-hygiene","status":"publish","type":"events","link":"https:\/\/www.copas.lu\/de\/events\/matinee-hygiene\/","title":{"rendered":"Matin\u00e9e Hygi\u00e8ne"},"content":{"rendered":"<p class=\"qtranxs-available-languages-message qtranxs-available-languages-message-de\"> <\/p><p>La COPAS a le plaisir de vous convier \u00e0 sa matin\u00e9e th\u00e9matique d\u00e9di\u00e9e \u00e0 l&#8217;hygi\u00e8ne. Cette rencontre sera l\u2019occasion de vous pr\u00e9senter les <strong>pr\u00e9cautions standard r\u00e9vis\u00e9es en mati\u00e8re d\u2019hygi\u00e8ne<\/strong>, ainsi que les bonnes pratiques li\u00e9es \u00e0 la <strong>gestion de l\u2019eau<\/strong>.<\/p>\n<p>R\u00e9serv\u00e9e exclusivement aux membres de la COPAS, la matin\u00e9e\u00a0s\u2019adresse particuli\u00e8rement aux r\u00e9f\u00e9rents hygi\u00e8ne ou aux personnes en charge de ces th\u00e9matiques, mais toute personne int\u00e9ress\u00e9e est la bienvenue. Des <strong>experts du secteur<\/strong> seront pr\u00e9sents pour partager leur expertise et \u00e9changer avec vous dans un cadre convivial et interactif.<\/p>\n<p>Les places \u00e9tant limit\u00e9es, nous vous invitons \u00e0 vous inscrire sans tarder.<\/p>","protected":false},"excerpt":{"rendered":"<p>La COPAS a le plaisir de vous convier \u00e0 sa matin\u00e9e th\u00e9matique d\u00e9di\u00e9e \u00e0 l&#8217;hygi\u00e8ne. Cette rencontre sera l\u2019occasion de vous pr\u00e9senter les pr\u00e9cautions standard r\u00e9vis\u00e9es en mati\u00e8re d\u2019hygi\u00e8ne, ainsi que les bonnes pratiques li\u00e9es \u00e0 la gestion de l\u2019eau. R\u00e9serv\u00e9e exclusivement aux membres de la COPAS, la matin\u00e9e\u00a0s\u2019adresse particuli\u00e8rement aux r\u00e9f\u00e9rents hygi\u00e8ne ou aux [&hellip;]<\/p>\n","protected":false},"featured_media":14397,"template":"","class_list":["post-14389","events","type-events","status-publish","has-post-thumbnail","hentry"],"acf":[],"_links":{"self":[{"href":"https:\/\/www.copas.lu\/de\/wp-json\/wp\/v2\/events\/14389","targetHints":{"allow":["GET"]}}],"collection":[{"href":"https:\/\/www.copas.lu\/de\/wp-json\/wp\/v2\/events"}],"about":[{"href":"https:\/\/www.copas.lu\/de\/wp-json\/wp\/v2\/types\/events"}],"wp:featuredmedia":[{"embeddable":true,"href":"https:\/\/www.copas.lu\/de\/wp-json\/wp\/v2\/media\/14397"}],"wp:attachment":[{"href":"https:\/\/www.copas.lu\/de\/wp-json\/wp\/v2\/media?parent=14389"}],"curies":[{"name":"wp","href":"https:\/\/api.w.org\/{rel}","templated":true}]}}

Matinée Hygiène

<p class="qtranxs-available-languages-message qtranxs-available-languages-message-de"> </p><p>La COPAS a le plaisir de vous convier à sa matinée thématique dédiée à l&#8217;hygiène. Cette rencontre sera l’occasion de vous présenter les <strong>précautions standard révisées en matière d’hygiène</strong>, ainsi que les bonnes pratiques liées à la <strong>gestion de l’eau</strong>.</p>
<p>Réservée exclusivement aux membres de la COPAS, la matinée s’adresse particulièrement aux référents hygiène ou aux personnes en charge de ces thématiques, mais toute personne intéressée est la bienvenue. Des <strong>experts du secteur</strong> seront présents pour partager leur expertise et échanger avec vous dans un cadre convivial et interactif.</p>
<p>Les places étant limitées, nous vous invitons à vous inscrire sans tarder.</p>

<p>La COPAS a le plaisir de vous convier à sa matinée thématique dédiée à l&#8217;hygiène. Cette rencontre sera l’occasion de vous présenter les précautions standard révisées en matière d’hygiène, ainsi que les bonnes pratiques liées à la gestion de l’eau. Réservée exclusivement aux membres de la COPAS, la matinée s’adresse particulièrement aux référents hygiène ou aux [&hellip;]</p>
