{"id":14346,"date":"2026-03-06T11:23:39","date_gmt":"2026-03-06T10:23:39","guid":{"rendered":"https:\/\/www.copas.lu\/?post_type=events&#038;p=14346"},"modified":"2026-03-06T11:32:43","modified_gmt":"2026-03-06T10:32:43","slug":"healthcareers-day","status":"publish","type":"events","link":"https:\/\/www.copas.lu\/de\/events\/healthcareers-day\/","title":{"rendered":"Healthcareers Day"},"content":{"rendered":"<p class=\"qtranxs-available-languages-message qtranxs-available-languages-message-de\"> <\/p><p><\/p>\n<div id=\"1765989261646_qdnmr0h1w-prefab-text-media-2\" class=\"main-block\" data-v-2c505a5c=\"\">\n<div class=\"page-element-background element\" data-v-d063d819=\"\" data-v-2c505a5c=\"\">\n<div class=\"prefab-element-renderer\" data-v-95c38749=\"\">\n<div class=\"text-media-2 pb-0\" data-v-ffe25b6e=\"\" data-v-95c38749=\"\">\n<div class=\"text-section\" data-v-ffe25b6e=\"\">\n<p class=\"rich-text\">Le Healthcareers Day\u00a0est un \u00e9v\u00e9nement organis\u00e9 par le\u00a0minist\u00e8re de la Sant\u00e9 et de la S\u00e9curit\u00e9 sociale (M3S), destin\u00e9 aux\u00a0lyc\u00e9en\u00b7nes et \u00e0 toute personne int\u00e9ress\u00e9e\u00a0par les m\u00e9tiers de la sant\u00e9 et d&#8217;aides et de soins.<\/p>\n<p>Une journ\u00e9e pour\u00a0rencontrer des professionnel\u00b7les, d\u00e9couvrir les\u00a0formations disponibles au Luxembourg et \u00e0 l\u2019\u00e9tranger\u00a0et explorer les\u00a0opportunit\u00e9s de carri\u00e8re\u00a0dans le secteur de la sant\u00e9.<\/p>\n<p><strong>A qui s&#8217;adresse l&#8217;\u00e9v\u00e9nement ?\u00a0<\/strong><\/p>\n<\/div>\n<\/div>\n<\/div>\n<\/div>\n<\/div>\n<div class=\"page-element-background element\" data-v-d063d819=\"\" data-v-2c505a5c=\"\">\n<div class=\"prefab-element-renderer\" data-v-95c38749=\"\">\n<div class=\"text-1\" data-v-d0a82e7a=\"\" data-v-95c38749=\"\">\n<div class=\"container\" data-v-d0a82e7a=\"\">\n<div class=\"rich-text\" data-v-09d33fec=\"\" data-v-d0a82e7a=\"\">\n<ul>\n<li>Lyc\u00e9en\u00b7nes<\/li>\n<li>\u00c9tudiant\u00b7es ou personnes en reconversion<\/li>\n<li>Toute personne int\u00e9ress\u00e9e par les m\u00e9tiers de la sant\u00e9 et des aides et des soins<\/li>\n<\/ul>\n<\/div>\n<\/div>\n<\/div>\n<\/div>\n<\/div>\n<p>&nbsp;<\/p>\n<p><strong>Ce que tu pourras faire :<\/strong><\/p>\n<div id=\"1770815249275_ut9n15sa1-prefab-text-1\" class=\"main-block\" data-v-2c505a5c=\"\">\n<div class=\"page-element-background element\" data-v-d063d819=\"\" data-v-2c505a5c=\"\">\n<div class=\"prefab-element-renderer\" data-v-95c38749=\"\">\n<div class=\"text-1\" data-v-d0a82e7a=\"\" data-v-95c38749=\"\">\n<div class=\"container\" data-v-d0a82e7a=\"\">\n<div class=\"rich-text\" data-v-09d33fec=\"\" data-v-d0a82e7a=\"\">\n<ul>\n<li>\u00c9changer avec des\u00a0professionnel\u00b7les du secteur<\/li>\n<li>Participer \u00e0 des\u00a0ateliers interactifs<\/li>\n<li>Assister \u00e0 des\u00a0conf\u00e9rences<\/li>\n<li>D\u00e9couvrir les\u00a0m\u00e9tiers, formations et employeurs\u00a0du domaine de la sant\u00e9<\/li>\n<\/ul>\n<p>&nbsp;<\/p>\n<h1><a href=\"https:\/\/www.hcday.lu\/page\/information\/\" target=\"_blank\" rel=\"noopener\"><strong>Inscription\u00a0<\/strong><\/a><\/h1>\n<\/div>\n<\/div>\n<\/div>\n<\/div>\n<\/div>\n<\/div>\n<p><\/p>","protected":false},"excerpt":{"rendered":"<p>Le Healthcareers Day\u00a0est un \u00e9v\u00e9nement organis\u00e9 par le\u00a0minist\u00e8re de la Sant\u00e9 et de la S\u00e9curit\u00e9 sociale (M3S), destin\u00e9 aux\u00a0lyc\u00e9en\u00b7nes et \u00e0 toute personne int\u00e9ress\u00e9e\u00a0par les m\u00e9tiers de la sant\u00e9 et d&#8217;aides et de soins. Une journ\u00e9e pour\u00a0rencontrer des professionnel\u00b7les, d\u00e9couvrir les\u00a0formations disponibles au Luxembourg et \u00e0 l\u2019\u00e9tranger\u00a0et explorer les\u00a0opportunit\u00e9s de carri\u00e8re\u00a0dans le secteur de la [&hellip;]<\/p>\n","protected":false},"featured_media":14347,"template":"","class_list":["post-14346","events","type-events","status-publish","has-post-thumbnail","hentry"],"acf":[],"_links":{"self":[{"href":"https:\/\/www.copas.lu\/de\/wp-json\/wp\/v2\/events\/14346","targetHints":{"allow":["GET"]}}],"collection":[{"href":"https:\/\/www.copas.lu\/de\/wp-json\/wp\/v2\/events"}],"about":[{"href":"https:\/\/www.copas.lu\/de\/wp-json\/wp\/v2\/types\/events"}],"wp:featuredmedia":[{"embeddable":true,"href":"https:\/\/www.copas.lu\/de\/wp-json\/wp\/v2\/media\/14347"}],"wp:attachment":[{"href":"https:\/\/www.copas.lu\/de\/wp-json\/wp\/v2\/media?parent=14346"}],"curies":[{"name":"wp","href":"https:\/\/api.w.org\/{rel}","templated":true}]}}

<p class="qtranxs-available-languages-message qtranxs-available-languages-message-de"> </p><p></p>
<div id="1765989261646_qdnmr0h1w-prefab-text-media-2" class="main-block" data-v-2c505a5c="">
<div class="page-element-background element" data-v-d063d819="" data-v-2c505a5c="">
<div class="prefab-element-renderer" data-v-95c38749="">
<div class="text-media-2 pb-0" data-v-ffe25b6e="" data-v-95c38749="">
<div class="text-section" data-v-ffe25b6e="">
<p class="rich-text">Le Healthcareers Day est un événement organisé par le ministère de la Santé et de la Sécurité sociale (M3S), destiné aux lycéen·nes et à toute personne intéressée par les métiers de la santé et d&#8217;aides et de soins.</p>
<p>Une journée pour rencontrer des professionnel·les, découvrir les formations disponibles au Luxembourg et à l’étranger et explorer les opportunités de carrière dans le secteur de la santé.</p>
<p><strong>A qui s&#8217;adresse l&#8217;événement ? </strong></p>
</div>
</div>
</div>
</div>
</div>
<div class="page-element-background element" data-v-d063d819="" data-v-2c505a5c="">
<div class="prefab-element-renderer" data-v-95c38749="">
<div class="text-1" data-v-d0a82e7a="" data-v-95c38749="">
<div class="container" data-v-d0a82e7a="">
<div class="rich-text" data-v-09d33fec="" data-v-d0a82e7a="">
<ul>
<li>Lycéen·nes</li>
<li>Étudiant·es ou personnes en reconversion</li>
<li>Toute personne intéressée par les métiers de la santé et des aides et des soins</li>
</ul>
</div>
</div>
</div>
</div>
</div>
<p>&nbsp;</p>
<p><strong>Ce que tu pourras faire :</strong></p>
<div id="1770815249275_ut9n15sa1-prefab-text-1" class="main-block" data-v-2c505a5c="">
<div class="page-element-background element" data-v-d063d819="" data-v-2c505a5c="">
<div class="prefab-element-renderer" data-v-95c38749="">
<div class="text-1" data-v-d0a82e7a="" data-v-95c38749="">
<div class="container" data-v-d0a82e7a="">
<div class="rich-text" data-v-09d33fec="" data-v-d0a82e7a="">
<ul>
<li>Échanger avec des professionnel·les du secteur</li>
<li>Participer à des ateliers interactifs</li>
<li>Assister à des conférences</li>
<li>Découvrir les métiers, formations et employeurs du domaine de la santé</li>
</ul>
<p>&nbsp;</p>
<h1><a href="https://www.hcday.lu/page/information/" target="_blank" rel="noopener"><strong>Inscription </strong></a></h1>
</div>
</div>
</div>
</div>
</div>
</div>
<p></p>

<p>Le Healthcareers Day est un événement organisé par le ministère de la Santé et de la Sécurité sociale (M3S), destiné aux lycéen·nes et à toute personne intéressée par les métiers de la santé et d&#8217;aides et de soins. Une journée pour rencontrer des professionnel·les, découvrir les formations disponibles au Luxembourg et à l’étranger et explorer les opportunités de carrière dans le secteur de la [&hellip;]</p>
