{"id":12805,"date":"2024-09-02T13:22:39","date_gmt":"2024-09-02T11:22:39","guid":{"rendered":"https:\/\/www.copas.lu\/?post_type=events&#038;p=12805"},"modified":"2024-09-02T13:22:39","modified_gmt":"2024-09-02T11:22:39","slug":"journee-thematique-parcours-de-soins-de-la-personne-agee-initiatives-et-perspectives-au-luxembourg","status":"publish","type":"events","link":"https:\/\/www.copas.lu\/de\/events\/journee-thematique-parcours-de-soins-de-la-personne-agee-initiatives-et-perspectives-au-luxembourg\/","title":{"rendered":"Journ\u00e9e th\u00e9matique &#8222;Parcours de soins de la personne \u00e2g\u00e9e &#8211; Initiatives et perspectives au Luxembourg&#8220;"},"content":{"rendered":"<p class=\"qtranxs-available-languages-message qtranxs-available-languages-message-de\"> <\/p><p>En date du <strong>26 septembre 2024<\/strong>, <strong>SERVIOR et \u00a0CHL<\/strong> organisent une Journ\u00e9e th\u00e9matique intitul\u00e9e <strong>&#8222;Parcours de soins de la personne \u00e2g\u00e9e &#8211; Initiatives et perspectives au Luxembourg&#8220;<\/strong>. La journ\u00e9e sera honor\u00e9e de la pr\u00e9sence de <strong>Martine Deprez, ministre<\/strong> de la Sant\u00e9 et de la S\u00e9curit\u00e9 sociale et <strong>Max Hahn, ministre<\/strong> de la Famille, des Solidarit\u00e9s, du Vivre ensemble et de l\u2019Accueil.<\/p>\n<p>Cette journ\u00e9e se d\u00e9roulera de 8 h 30 \u00e0 17 heures au sein de la maison des a\u00een\u00e9s SERVIOR <strong>Op der Rhum, 1, Plateau du Rham \u00e0 Luxembourg<\/strong>.<\/p>\n<p>Le programme d\u00e9taill\u00e9 est joint au pr\u00e9sent mail. Vu la diversit\u00e9 des langues dans les secteurs respectifs, <strong>une traduction simultan\u00e9e Fran\u00e7ais-Allemand<\/strong> sera \u00e0 votre disposition.<\/p>\n<p>Les inscriptions sont ouvertes jusqu&#8217;au <strong>22 septembre 2024<\/strong> inclus via le lien <strong><a href=\"https:\/\/www.chl.lu\/fr\/inscription-journee-thematique-de-geriatrie-2024\">Inscription \u00e0 la journ\u00e9e th\u00e9matique de G\u00e9riatrie | CHL<\/a><\/strong><\/p>","protected":false},"excerpt":{"rendered":"<p>En date du 26 septembre 2024, SERVIOR et \u00a0CHL organisent une Journ\u00e9e th\u00e9matique intitul\u00e9e &#8222;Parcours de soins de la personne \u00e2g\u00e9e &#8211; Initiatives et perspectives au Luxembourg&#8220;. La journ\u00e9e sera honor\u00e9e de la pr\u00e9sence de Martine Deprez, ministre de la Sant\u00e9 et de la S\u00e9curit\u00e9 sociale et Max Hahn, ministre de la Famille, des Solidarit\u00e9s, [&hellip;]<\/p>\n","protected":false},"featured_media":12807,"template":"","class_list":["post-12805","events","type-events","status-publish","has-post-thumbnail","hentry"],"acf":[],"_links":{"self":[{"href":"https:\/\/www.copas.lu\/de\/wp-json\/wp\/v2\/events\/12805","targetHints":{"allow":["GET"]}}],"collection":[{"href":"https:\/\/www.copas.lu\/de\/wp-json\/wp\/v2\/events"}],"about":[{"href":"https:\/\/www.copas.lu\/de\/wp-json\/wp\/v2\/types\/events"}],"wp:featuredmedia":[{"embeddable":true,"href":"https:\/\/www.copas.lu\/de\/wp-json\/wp\/v2\/media\/12807"}],"wp:attachment":[{"href":"https:\/\/www.copas.lu\/de\/wp-json\/wp\/v2\/media?parent=12805"}],"curies":[{"name":"wp","href":"https:\/\/api.w.org\/{rel}","templated":true}]}}

Journée thématique &#8222;Parcours de soins de la personne âgée &#8211; Initiatives et perspectives au Luxembourg&#8220;

<p class="qtranxs-available-languages-message qtranxs-available-languages-message-de"> </p><p>En date du <strong>26 septembre 2024</strong>, <strong>SERVIOR et  CHL</strong> organisent une Journée thématique intitulée <strong>&#8222;Parcours de soins de la personne âgée &#8211; Initiatives et perspectives au Luxembourg&#8220;</strong>. La journée sera honorée de la présence de <strong>Martine Deprez, ministre</strong> de la Santé et de la Sécurité sociale et <strong>Max Hahn, ministre</strong> de la Famille, des Solidarités, du Vivre ensemble et de l’Accueil.</p>
<p>Cette journée se déroulera de 8 h 30 à 17 heures au sein de la maison des aînés SERVIOR <strong>Op der Rhum, 1, Plateau du Rham à Luxembourg</strong>.</p>
<p>Le programme détaillé est joint au présent mail. Vu la diversité des langues dans les secteurs respectifs, <strong>une traduction simultanée Français-Allemand</strong> sera à votre disposition.</p>
<p>Les inscriptions sont ouvertes jusqu&#8217;au <strong>22 septembre 2024</strong> inclus via le lien <strong><a href="https://www.chl.lu/fr/inscription-journee-thematique-de-geriatrie-2024">Inscription à la journée thématique de Gériatrie | CHL</a></strong></p>

<p>En date du 26 septembre 2024, SERVIOR et  CHL organisent une Journée thématique intitulée &#8222;Parcours de soins de la personne âgée &#8211; Initiatives et perspectives au Luxembourg&#8220;. La journée sera honorée de la présence de Martine Deprez, ministre de la Santé et de la Sécurité sociale et Max Hahn, ministre de la Famille, des Solidarités, [&hellip;]</p>
