{"id":12358,"date":"2024-05-24T13:36:01","date_gmt":"2024-05-24T11:36:01","guid":{"rendered":"https:\/\/www.copas.lu\/?post_type=events&#038;p=12358"},"modified":"2024-05-24T13:36:01","modified_gmt":"2024-05-24T11:36:01","slug":"alles-normal-letz-celebrate-inclusion","status":"publish","type":"events","link":"https:\/\/www.copas.lu\/de\/events\/alles-normal-letz-celebrate-inclusion\/","title":{"rendered":"Alles normal &#8211; L\u00ebtz Celebrate Inclusion"},"content":{"rendered":"<p>Le vendredi 12 et samedi 13 juillet 2024, le minist\u00e8re de la Famille, de la Solidarit\u00e9, du Vivre Ensemble et de l&#8217;Accueil invitent \u00e0 c\u00e9l\u00e9brer l&#8217;inclusion.<\/p>","protected":false},"excerpt":{"rendered":"<p>Le vendredi 12 et samedi 13 juillet 2024, le minist\u00e8re de la Famille, de la Solidarit\u00e9, du Vivre Ensemble et de l&#8217;Accueil invitent \u00e0 c\u00e9l\u00e9brer l&#8217;inclusion.<\/p>\n","protected":false},"featured_media":12360,"template":"","class_list":["post-12358","events","type-events","status-publish","has-post-thumbnail","hentry"],"acf":[],"_links":{"self":[{"href":"https:\/\/www.copas.lu\/de\/wp-json\/wp\/v2\/events\/12358","targetHints":{"allow":["GET"]}}],"collection":[{"href":"https:\/\/www.copas.lu\/de\/wp-json\/wp\/v2\/events"}],"about":[{"href":"https:\/\/www.copas.lu\/de\/wp-json\/wp\/v2\/types\/events"}],"wp:featuredmedia":[{"embeddable":true,"href":"https:\/\/www.copas.lu\/de\/wp-json\/wp\/v2\/media\/12360"}],"wp:attachment":[{"href":"https:\/\/www.copas.lu\/de\/wp-json\/wp\/v2\/media?parent=12358"}],"curies":[{"name":"wp","href":"https:\/\/api.w.org\/{rel}","templated":true}]}}

Alles normal &#8211; Lëtz Celebrate Inclusion

<p>Le vendredi 12 et samedi 13 juillet 2024, le ministère de la Famille, de la Solidarité, du Vivre Ensemble et de l&#8217;Accueil invitent à célébrer l&#8217;inclusion.</p>
