{"id":11960,"date":"2024-03-20T09:46:01","date_gmt":"2024-03-20T08:46:01","guid":{"rendered":"https:\/\/www.copas.lu\/?post_type=events&#038;p=11960"},"modified":"2024-03-20T09:46:01","modified_gmt":"2024-03-20T08:46:01","slug":"lunch-talk-seance-dinformation-dap-agent-dinlcusion","status":"publish","type":"events","link":"https:\/\/www.copas.lu\/de\/events\/lunch-talk-seance-dinformation-dap-agent-dinlcusion\/","title":{"rendered":"Lunch Talk (s\u00e9ance d\u2019information) &#8211; DAP Agent d&#8217;inlcusion"},"content":{"rendered":"<p class=\"qtranxs-available-languages-message qtranxs-available-languages-message-de\"> <\/p><p>Le service de la formation professionnelle du Minist\u00e8re de l\u2019Education nationale, vous invite \u00e0 un Lunch Talk (s\u00e9ance d\u2019information), en visioconf\u00e9rence, sur la formation du DAP Agent d\u2019inclusion le jeudi 18 avril 2024 de 12h \u00e0 12h45.<\/p>\n<p>Les sujets principaux porteront sur\u00a0:<\/p>\n<ol>\n<li>Explications et objectif du DAP Agent d\u2019inclusion<\/li>\n<li>L\u2019organisation g\u00e9n\u00e9rale de la formation DAP d\u2019agent d\u2019inclusion<\/li>\n<li>Les conditions cadres sur la pr\u00e9sence des apprentis en \u00e9cole et en entreprise<\/li>\n<li>Le droit de former<\/li>\n<\/ol>\n<p>Suite \u00e0\u00a0 la pr\u00e9sentation, les participants auront l\u2019occasion de poser \u00e9galement des questions. Afin de faciliter la discussion, les participants sont invit\u00e9s \u00e0 nous faire parvenir leurs questions \u00e9ventuelles avant la s\u00e9ance.<\/p>\n<p>Un lien de connexion \u00e0 la visioconf\u00e9rence sera envoy\u00e9 suite \u00e0 l&#8217;inscription.<\/p>","protected":false},"excerpt":{"rendered":"<p>Le service de la formation professionnelle du Minist\u00e8re de l\u2019Education nationale, vous invite \u00e0 un Lunch Talk (s\u00e9ance d\u2019information), en visioconf\u00e9rence, sur la formation du DAP Agent d\u2019inclusion le jeudi 18 avril 2024 de 12h \u00e0 12h45. Les sujets principaux porteront sur\u00a0: Explications et objectif du DAP Agent d\u2019inclusion L\u2019organisation g\u00e9n\u00e9rale de la formation DAP [&hellip;]<\/p>\n","protected":false},"featured_media":9672,"template":"","class_list":["post-11960","events","type-events","status-publish","has-post-thumbnail","hentry"],"acf":[],"_links":{"self":[{"href":"https:\/\/www.copas.lu\/de\/wp-json\/wp\/v2\/events\/11960","targetHints":{"allow":["GET"]}}],"collection":[{"href":"https:\/\/www.copas.lu\/de\/wp-json\/wp\/v2\/events"}],"about":[{"href":"https:\/\/www.copas.lu\/de\/wp-json\/wp\/v2\/types\/events"}],"wp:featuredmedia":[{"embeddable":true,"href":"https:\/\/www.copas.lu\/de\/wp-json\/wp\/v2\/media\/9672"}],"wp:attachment":[{"href":"https:\/\/www.copas.lu\/de\/wp-json\/wp\/v2\/media?parent=11960"}],"curies":[{"name":"wp","href":"https:\/\/api.w.org\/{rel}","templated":true}]}}

Lunch Talk (séance d’information) &#8211; DAP Agent d&#8217;inlcusion

<p class="qtranxs-available-languages-message qtranxs-available-languages-message-de"> </p><p>Le service de la formation professionnelle du Ministère de l’Education nationale, vous invite à un Lunch Talk (séance d’information), en visioconférence, sur la formation du DAP Agent d’inclusion le jeudi 18 avril 2024 de 12h à 12h45.</p>
<p>Les sujets principaux porteront sur :</p>
<ol>
<li>Explications et objectif du DAP Agent d’inclusion</li>
<li>L’organisation générale de la formation DAP d’agent d’inclusion</li>
<li>Les conditions cadres sur la présence des apprentis en école et en entreprise</li>
<li>Le droit de former</li>
</ol>
<p>Suite à  la présentation, les participants auront l’occasion de poser également des questions. Afin de faciliter la discussion, les participants sont invités à nous faire parvenir leurs questions éventuelles avant la séance.</p>
<p>Un lien de connexion à la visioconférence sera envoyé suite à l&#8217;inscription.</p>

<p>Le service de la formation professionnelle du Ministère de l’Education nationale, vous invite à un Lunch Talk (séance d’information), en visioconférence, sur la formation du DAP Agent d’inclusion le jeudi 18 avril 2024 de 12h à 12h45. Les sujets principaux porteront sur : Explications et objectif du DAP Agent d’inclusion L’organisation générale de la formation DAP [&hellip;]</p>
