{"id":11798,"date":"2024-02-20T08:39:43","date_gmt":"2024-02-20T07:39:43","guid":{"rendered":"https:\/\/www.copas.lu\/?post_type=events&#038;p=11798"},"modified":"2024-02-21T11:45:33","modified_gmt":"2024-02-21T10:45:33","slug":"seance-dinformation-recensements-annuels-cns-esc-css-seance-supplementaire","status":"publish","type":"events","link":"https:\/\/www.copas.lu\/de\/events\/seance-dinformation-recensements-annuels-cns-esc-css-seance-supplementaire\/","title":{"rendered":"S\u00e9ance d&#8217;information recensements annuels CNS  &#8211; ESC\/RAS\/ESI\/CSS &#8211; s\u00e9ance suppl\u00e9mentaire"},"content":{"rendered":"<p class=\"qtranxs-available-languages-message qtranxs-available-languages-message-de\"> <\/p><p>Dans le cadre des recensements annuels pr\u00e9vus par la CNS, la COPAS organise des s\u00e9ances d\u2019information.<\/p>\n<p>La s\u00e9ance du jeudi 7 mars est une s\u00e9ance suppl\u00e9mentaire d\u00e9di\u00e9e aux ESC\/RAS\/ESI\/CSS<\/p>","protected":false},"excerpt":{"rendered":"<p>Dans le cadre des recensements annuels pr\u00e9vus par la CNS, la COPAS organise des s\u00e9ances d\u2019information. La s\u00e9ance du jeudi 7 mars est une s\u00e9ance suppl\u00e9mentaire d\u00e9di\u00e9e aux ESC\/RAS\/ESI\/CSS<\/p>\n","protected":false},"featured_media":9672,"template":"","class_list":["post-11798","events","type-events","status-publish","has-post-thumbnail","hentry"],"acf":[],"_links":{"self":[{"href":"https:\/\/www.copas.lu\/de\/wp-json\/wp\/v2\/events\/11798","targetHints":{"allow":["GET"]}}],"collection":[{"href":"https:\/\/www.copas.lu\/de\/wp-json\/wp\/v2\/events"}],"about":[{"href":"https:\/\/www.copas.lu\/de\/wp-json\/wp\/v2\/types\/events"}],"wp:featuredmedia":[{"embeddable":true,"href":"https:\/\/www.copas.lu\/de\/wp-json\/wp\/v2\/media\/9672"}],"wp:attachment":[{"href":"https:\/\/www.copas.lu\/de\/wp-json\/wp\/v2\/media?parent=11798"}],"curies":[{"name":"wp","href":"https:\/\/api.w.org\/{rel}","templated":true}]}}

Séance d&#8217;information recensements annuels CNS  &#8211; ESC/RAS/ESI/CSS &#8211; séance supplémentaire

<p class="qtranxs-available-languages-message qtranxs-available-languages-message-de"> </p><p>Dans le cadre des recensements annuels prévus par la CNS, la COPAS organise des séances d’information.</p>
<p>La séance du jeudi 7 mars est une séance supplémentaire dédiée aux ESC/RAS/ESI/CSS</p>

<p>Dans le cadre des recensements annuels prévus par la CNS, la COPAS organise des séances d’information. La séance du jeudi 7 mars est une séance supplémentaire dédiée aux ESC/RAS/ESI/CSS</p>
